2?
True
Does 73 divide 5557592?
False
Is 149 a factor of 5228559?
True
Is 2538218 a multiple of 59?
False
Is 25 a factor of 512072?
False
Is 8 a factor of 1519427?
False
Is 23 a factor of 209347?
False
Is 319 a factor of 305724?
False
Does 655 divide 653429?
False
Is 899725 a multiple of 29?
True
Does 18 divide 2234608?
False
Does 342 divide 6073078?
False
Is 139761 a multiple of 76?
False
Is 458548 a multiple of 59?
True
Does 40 divide 46686?
False
Is 12348 a multiple of 4?
True
Is 48 a factor of 77280?
True
Is 160 a factor of 1284640?
True
Is 22155 a multiple of 51?
False
Does 11 divide 5897331?
True
Is 47 a factor of 51343?
False
Does 28 divide 10303468?
True
Does 180 divide 8300431?
False
Is 97 a factor of 34241?
True
Does 54 divide 992698?
False
Does 71 divide 3626254?
True
Is 37 a factor of 348096?
True
Is 190141 a multiple of 99?
False
Is 4 a factor of 210142?
False
Does 22 divide 119262?
True
Is 206 a factor of 12583237?
False
Is 1401120 a multiple of 20?
True
Does 122 divide 2866756?
True
Is 1706922 a multiple of 399?
True
Is 10456274 a multiple of 16?
False
Does 28 divide 69622?
False
Is 305 a factor of 361730?
True
Is 23956 a multiple of 2?
True
Does 8 divide 4235?
False
Is 784885 a multiple of 83?
False
Is 861 a factor of 6885417?
True
Is 1132 a factor of 2955621?
False
Is 29 a factor of 339329?
True
Is 55610 a multiple of 4?
False
Is 136 a factor of 1945752?
True
Is 25 a factor of 356475?
True
Is 176250 a multiple of 125?
True
Does 159 divide 334361?
False
Does 61 divide 493231?
False
Is 336 a factor of 311808?
True
Is 645340 a multiple of 205?
True
Does 286 divide 2886884?
True
Does 18 divide 108558?
True
Is 5 a factor of 58300?
True
Is 237145 a multiple of 215?
True
Is 2401581 a multiple of 13?
True
Does 101 divide 346531?
True
Is 3908015 a multiple of 9?
False
Does 418 divide 35634?
False
Is 4197282 a multiple of 1182?
True
Is 7532087 a multiple of 342?
False
Does 107 divide 226716?
False
Does 15 divide 1079734?
False
Does 592 divide 779528?
False
Is 86 a factor of 157552?
True
Is 903 a factor of 1025808?
True
Is 367 a factor of 443418?
False
Is 4 a factor of 167287?
False
Does 471 divide 22730315?
False
Is 129584 a multiple of 104?
True
Is 883 a factor of 1122130?
False
Does 11 divide 18848?
False
Does 109 divide 679288?
True
Is 2699289 a multiple of 963?
True
Does 13 divide 6193161?
True
Is 5948416 a multiple of 64?
True
Is 428970 a multiple of 395?
True
Is 10 a factor of 5369470?
True
Does 3 divide 174427?
False
Does 5 divide 236410?
True
Is 54944 a multiple of 6?
False
Does 239 divide 770468?
False
Does 14 divide 65492?
True
Does 39 divide 1180959?
True
Is 870264 a multiple of 8?
True
Is 267 a factor of 1115259?
True
Does 16 divide 59712?
True
Is 282814 a multiple of 1246?
False
Is 10601307 a multiple of 2312?
False
Does 29 divide 3299272?
True
Is 4805062 a multiple of 589?
True
Is 10114566 a multiple of 33?
True
Is 2849420 a multiple of 10?
True
Is 5 a factor of 45200?
True
Does 598 divide 2235922?
True
Is 102 a factor of 912822?
False
Is 4 a factor of 176681?
False
Does 94 divide 41054?
False
Is 10 a factor of 66369?
False
Does 118 divide 1474764?
True
Does 23 divide 29251331?
True
Is 256 a factor of 11122688?
True
Is 20 a factor of 11100?
True
Is 56 a factor of 188850?
False
Is 16845621 a multiple of 39?
True
Is 7 a factor of 960613?
False
Is 487833 a multiple of 62?
False
Is 38668 a multiple of 5?
False
Does 94 divide 2195840?
True
Does 9 divide 690928?
False
Is 3483290 a multiple of 798?
False
Does 8 divide 129039?
False
Is 178969 a multiple of 259?
True
Does 23 divide 5591658?
False
Is 18 a factor of 4267872?
True
Does 6 divide 10373967?
False
Is 8 a factor of 1937664?
True
Does 53 divide 110346?
True
Is 3834247 a multiple of 375?
False
Is 1603315 a multiple of 8?
False
Is 19796 a multiple of 14?
True
Is 27 a factor of 146556?
True
Is 29580 a multiple of 17?
True
Does 13 divide 823524?
True
Is 91426 a multiple of 99?
False
Does 237 divide 59250?
True
Is 601040 a multiple of 176?
True
Is 177 a factor of 331698?
True
Is 222416 a multiple of 60?
False
Is 538553 a multiple of 375?
False
Is 29 a factor of 12813940?
True
Is 144531 a multiple of 159?
True
Does 291 divide 143754?
True
Is 2995730 a multiple of 203?
False
Is 545 a factor of 8078255?
False
Is 46 a factor of 87124?
True
Does 23 divide 695111?
False
Does 15 divide 258030?
True
Is 165288 a multiple of 194?
True
Is 169564 a multiple of 55?
False
Is 4 a factor of 735119?
False
Is 11 a factor of 3862419?
True
Is 269 a factor of 428379?
False
Is 1931301 a multiple of 3?
True
Is 12 a factor of 8126713?
False
Is 12 a factor of 976908?
True
Does 18 divide 5220?
True
Is 86 a factor of 117476?
True
Is 412 a factor of 2748864?
True
Is 4926540 a multiple of 12?
True
Is 20 a factor of 114100?
True
Is 12 a factor of 212376?
True
Is 38 a factor of 7123974?
True
Does 121 divide 1249885?
False
Does 89 divide 43610?
True
Does 51 divide 229178?
False
Does 116 divide 19836?
True
Is 263634 a multiple of 28?
False
Does 1345 divide 4840655?
True
Does 109 divide 3198496?
True
Does 14 divide 185674?
False
Does 76 divide 31640?
False
Is 766268 a multiple of 281?
False
Is 141377 a multiple of 51?
False
Does 37 divide 1052080?
False
Is 19684 a multiple of 19?
True
Is 5 a factor of 1237853?
False
Does 5 divide 895124?
False
Is 28456 a multiple of 37?
False
Does 1484 divide 8086065?
False
Does 9 divide 6813?
True
Is 25 a factor of 112325?
True
Is 819 a factor of 4786236?
True
Is 2951990 a multiple of 150?
False
Is 19 a factor of 2722987?
False
Is 502 a factor of 5196880?
False
Is 977454 a multiple of 207?
True
Does 191 divide 145113?
False
Is 287433 a multiple of 293?
True
Is 230 a factor of 3333620?
True
Does 277 divide 4249457?
True
Is 170 a factor of 6121901?
False
Is 4157088 a multiple of 12?
True
Is 187 a factor of 2174732?
False
Does 30 divide 206870?
False
Is 107031 a multiple of 8?
False
Does 798 divide 7448767?
False
Does 156 divide 898560?
True
Does 8 divide 2959248?
True
Does 13 divide 385411?
True
Is 603405 a multiple of 15?
True
Is 17360 a multiple of 217?
True
Is 7 a factor of 210392?
True
Does 12 divide 223284?
True
Is 35270 a multiple of 16?
False
Is 236356 a multiple of 476?
False
Does 4 divide 314175?
False
Does 13 divide 47710?
True
Is 298805 a multiple of 65?
True
Is 43 a factor of 5940?
False
Is 678158 a multiple of 166?
False
Does 50 divide 2122545?
False
Is 203406 a multiple of 7?
True
Is 1140104 a multiple of 28?
True
Is 66144 even?
True
Does 804 divide 853044?
True
Is 15225 a multiple of 28?
False
Does 52 divide 887744?
True
Is 422 a factor of 162470?
True
Does 1283 divide 4568763?
True
Does 118 divide 18273244?
True
Does 30 divide 113566?
False
Is 23058 a multiple of 7?
True
Is 22 a factor of 32671?
False
Does 58 divide 219279?
False
Is 159 a factor of 427710?
True
Does 19 divide 5442014?
False
Does 10 divide 511220?
True
Is 77 a factor of 2462614?
True
Is 67 a factor of 156616?
False
Is 2090698 a multiple of 706?
False
Does 1065 divide 9604170?
True
Is 37011 a multiple of 233?
False
Is 329 a factor of 9771051?
False
Is 31 a factor of 185814?
True
Does 1043 divide 2565288?
False
Is 83879 a multiple of 96?
False
Is 22 a factor of 1483966?
True
Does 228 divide 1312041?
False
Does 25 divide 50721?
False
Is 73710 a multiple of 910?
True
Is 192496 a multiple of 908?
True
Does 5 divide 17725?
True
Is 223 a factor of 303949?
True
Does 54 divide 950238?
True
Is 32 a factor of 4892015?
False
Does 48 divide 2425344?
True
Does 3 divide 18726?
True
Is 193 a factor of 8854419?
False
Does 10 divide 586687?
False
Is 6364 a multiple of 148?
True
Is 37210 a multiple of 5?
True
Does 96 divide 91584?
True
Is 10 a factor of 134392?
False
Is 301475 a multiple of 155?
True
Does 144 divide 277776?
True
Is 624 a factor of 989040?
True
Is 318840 a multiple of 24?
True
Is 137 a factor of 3829347?
False
Does 47 divide 1466610?
False
Is 1733364 a multiple of 267?
True
Is 26 a factor of 333580?
True
Is 411383 a multiple of 188?
False
Does 3 divide 57438?
True
Is 298 a factor of 6677576?
False
Is 234859 a multiple of 112?
False
Is 58 a factor of 160660?
True
Does 309 divide 2455180?
False
Does 25 divide 191075?
True
Does 169 divide 81796?
True
Is 4302769 a multiple of 26?
False
Does 208 divid